a factor of 172935?
True
Is 778857 a multiple of 23?
False
Is 25 a factor of 174999?
False
Is 216 a factor of 5793984?
True
Is 1822560 a multiple of 15?
True
Does 92 divide 238538?
False
Is 30 a factor of 9519390?
True
Is 180 a factor of 59264?
False
Is 11 a factor of 304876?
True
Is 472429 a multiple of 83?
False
Is 744017 a multiple of 36?
False
Is 5963287 a multiple of 11?
True
Is 284378 a multiple of 227?
False
Is 11 a factor of 416524?
False
Is 1416240 a multiple of 843?
True
Does 341 divide 117325?
False
Does 19 divide 1872978?
False
Is 459 a factor of 857412?
True
Does 105 divide 16479052?
False
Is 66 a factor of 225156?
False
Is 377806 a multiple of 22?
True
Does 57 divide 253782?
False
Does 24 divide 6726798?
False
Is 610941 a multiple of 81?
False
Is 174 a factor of 51504?
True
Does 112 divide 29151?
False
Is 9 a factor of 2509338?
False
Is 4 a factor of 517930?
False
Is 17 a factor of 737329?
False
Is 58 a factor of 1064126?
True
Is 355 a factor of 2986615?
True
Is 23 a factor of 201181?
True
Does 182 divide 2224222?
True
Is 1197528 a multiple of 7?
False
Is 516 a factor of 1657908?
True
Is 23 a factor of 1317831?
True
Is 1830 a factor of 16001358?
False
Does 155 divide 215915?
True
Does 1060 divide 501490?
False
Does 195 divide 2147925?
True
Is 2219404 a multiple of 443?
False
Is 1281488 a multiple of 23?
False
Is 5639906 a multiple of 161?
False
Is 122 a factor of 752022?
False
Is 116 a factor of 600532?
True
Does 118 divide 42627?
False
Is 57 a factor of 28956?
True
Is 94233 a multiple of 101?
True
Is 30 a factor of 19411890?
True
Is 309950 a multiple of 122?
False
Does 240 divide 138354?
False
Is 3 a factor of 17076?
True
Is 81179 a multiple of 7?
True
Is 13 a factor of 47698?
False
Is 168 a factor of 1549800?
True
Is 423 a factor of 1566369?
True
Is 93888 a multiple of 288?
True
Does 15 divide 1049822?
False
Is 4 a factor of 226232?
True
Is 2838184 a multiple of 68?
True
Is 2321560 a multiple of 143?
False
Is 7 a factor of 1416740?
False
Does 51 divide 87135?
False
Is 1651 a factor of 5029504?
False
Is 364490 a multiple of 35?
True
Is 2094 a factor of 14521890?
True
Does 160 divide 605120?
True
Does 607 divide 484178?
False
Is 16 a factor of 109184?
True
Is 509361 a multiple of 93?
True
Is 477 a factor of 13351404?
False
Is 620 a factor of 33715?
False
Is 21648 a multiple of 2?
True
Is 1777880 a multiple of 20?
True
Does 11 divide 245300?
True
Does 210 divide 881370?
True
Is 450670 a multiple of 482?
True
Is 17 a factor of 216495?
True
Is 365228 a multiple of 41?
True
Is 3163 even?
False
Is 783 a factor of 291276?
True
Does 61 divide 7100583?
True
Is 2292910 a multiple of 835?
True
Is 180252 a multiple of 108?
True
Is 51 a factor of 16932?
True
Is 379468 a multiple of 30?
False
Does 172 divide 4925413?
False
Is 547877 a multiple of 129?
False
Does 1051 divide 3776243?
True
Is 247 a factor of 12322089?
True
Does 224 divide 1458240?
True
Does 76 divide 57228?
True
Does 45 divide 222479?
False
Is 6085828 a multiple of 878?
False
Is 4658624 a multiple of 32?
True
Does 7 divide 6482?
True
Is 69 a factor of 20424?
True
Is 2172396 a multiple of 12?
True
Does 951 divide 22278502?
False
Is 19328045 a multiple of 11?
True
Does 34 divide 530604?
True
Is 196 a factor of 43512?
True
Is 15890480 a multiple of 80?
True
Does 20 divide 1596509?
False
Is 8 a factor of 92183?
False
Is 14 a factor of 6960114?
True
Is 2114980 a multiple of 1271?
False
Does 4 divide 11001?
False
Does 14 divide 1809093?
False
Is 6243845 a multiple of 289?
True
Does 552 divide 4747200?
True
Does 5 divide 1173055?
True
Is 3750 a multiple of 75?
True
Is 81794 a multiple of 61?
False
Is 359953 a multiple of 131?
False
Is 517884 a multiple of 12?
True
Is 29 a factor of 2568481?
False
Is 4 a factor of 640442?
False
Is 2279151 a multiple of 651?
True
Does 1063 divide 11514416?
True
Is 11376959 a multiple of 879?
False
Is 5 a factor of 7781575?
True
Does 40 divide 627640?
True
Does 413 divide 42880?
False
Does 24 divide 969648?
True
Is 188 a factor of 287802?
False
Is 10 a factor of 139130?
True
Is 12 a factor of 575003?
False
Is 45648 a multiple of 9?
True
Does 352 divide 1635392?
True
Is 19 a factor of 1115348?
False
Is 85217 a multiple of 11?
True
Is 6 a factor of 69065?
False
Is 995887 a multiple of 5?
False
Is 322 a factor of 4740730?
False
Is 40 a factor of 2465858?
False
Is 316855 a multiple of 823?
True
Is 3066035 a multiple of 119?
True
Is 28 a factor of 5755036?
True
Does 15 divide 2561837?
False
Is 10 a factor of 163490?
True
Is 76 a factor of 3742772?
True
Does 107 divide 391520?
False
Does 169 divide 22287?
False
Is 5 a factor of 1044456?
False
Is 510864 a multiple of 348?
True
Is 2 a factor of 17616?
True
Is 386763 a multiple of 29?
False
Is 6 a factor of 3615466?
False
Is 8 a factor of 772120?
True
Is 47 a factor of 190256?
True
Does 218 divide 731388?
False
Does 355 divide 2671020?
True
Is 26 a factor of 5195346?
True
Is 6137309 a multiple of 29?
False
Is 271905 a multiple of 40?
False
Is 574 a factor of 31676764?
True
Is 23 a factor of 280388?
False
Is 8053905 a multiple of 249?
True
Does 17 divide 263890?
False
Does 352 divide 502304?
True
Is 215 a factor of 243661?
False
Is 10755254 a multiple of 195?
False
Is 260 a factor of 7238400?
True
Is 496755 a multiple of 7?
True
Is 5446982 a multiple of 163?
False
Is 76 a factor of 2351820?
True
Does 77 divide 7939784?
False
Does 14 divide 148666?
True
Does 84 divide 135828?
True
Is 447902 even?
True
Is 202902 a multiple of 21?
True
Is 149 a factor of 144514?
False
Does 395 divide 175380?
True
Is 4995912 a multiple of 618?
True
Is 209 a factor of 54967?
True
Does 51 divide 180468?
False
Is 7 a factor of 621432?
True
Is 14670 a multiple of 15?
True
Is 3645169 a multiple of 18?
False
Is 730 a factor of 442247?
False
Is 6 a factor of 1009722?
True
Is 212 a factor of 616496?
True
Is 83468 a multiple of 167?
False
Is 26075 a multiple of 2?
False
Does 16 divide 1777456?
True
Is 600 a factor of 53410?
False
Is 19 a factor of 869812?
False
Does 3 divide 112374?
True
Is 34 a factor of 509176?
False
Is 663 a factor of 104754?
True
Does 317 divide 15344553?
False
Is 10 a factor of 848305?
False
Does 13 divide 183412?
False
Is 43573 a multiple of 4?
False
Does 116 divide 326734?
False
Is 481 a factor of 17797?
True
Is 46 a factor of 4484034?
True
Does 17 divide 3498669?
False
Does 100 divide 31200?
True
Is 176 a factor of 173127?
False
Does 29 divide 686343?
True
Is 147 a factor of 1247973?
False
Does 4 divide 86395?
False
Is 95628 a multiple of 18?
False
Does 51 divide 127296?
True
Is 11 a factor of 436958?
False
Does 18 divide 62802?
True
Is 538569 a multiple of 109?
True
Is 77 a factor of 171017?
True
Does 6 divide 215593?
False
Does 480 divide 1482453?
False
Is 1508001 a multiple of 15?
False
Is 32 a factor of 1941696?
True
Is 483642 a multiple of 831?
True
Is 17 a factor of 507894?
False
Is 53 a factor of 1514899?
True
Is 407022 a multiple of 12?
False
Is 87738 a multiple of 6?
True
Does 8 divide 155969?
False
Does 2 divide 2575233?
False
Is 3413613 a multiple of 21?
True
Is 838768 a multiple of 56?
True
Is 56619 a multiple of 243?
True
Is 250 a factor of 119944?
False
Is 724849 a multiple of 50?
False
Is 3675255 a multiple of 84?
False
Is 14 a factor of 40782?
True
Is 438 a factor of 7821493?
False
Does 187 divide 118477?
False
Is 332 a factor of 914328?
True
Does 90 divide 175356?
False
Is 9124032 a multiple of 73?
False
Does 1024 divide 22643882?
False
Is 744 a factor of 473184?
True
Does 14 divide 15591058?
True
Is 188 a factor of 383332?
True
Is 992 a multiple of 16?
True
Is 79454 a multiple of 87?
False
Does 403 divide 707668?
True
Is 17 a factor of 177057?
False
Is 1390061 a multiple of 81?
False
Is 22 a factor of 133122?
True
Is 966595 a multiple of 87?
False
Is 40541 a multiple of 144?
False
Is 1582671 a multiple of 40?
False
Is 386892 a multiple of 42?
False
Is 194 a factor of 1915168?
True
Does 319 divide 5265?
False
Is 169 a factor of 16393?
True
Does 370 divide 3235756?
False
Does 52 divide 10513563?
False
Is 15277464 a multiple of 78?
False
Is 3432032 a multiple of 3?
False
Does 173 divide 11732?
False
Is 930182 a multiple of 22?
True
Is 128 a factor of 316986?
False
Does 4 divide 626554?
False
Is 6355